reatest common factor of 90 and 70.
10
Calculate the greatest common factor of 12 and 18.
6
Calculate the highest common factor of 11682 and 198.
198
Calculate the greatest common divisor of 224 and 256.
32
Calculate the highest common divisor of 20 and 15.
5
What is the highest common factor of 654 and 57?
3
What is the greatest common divisor of 282 and 1034?
94
Calculate the greatest common divisor of 60 and 50.
10
What is the greatest common factor of 28 and 133?
7
Calculate the highest common divisor of 280 and 210.
70
Calculate the greatest common factor of 5 and 17.
1
What is the greatest common divisor of 986 and 232?
58
What is the highest common divisor of 3278 and 11?
11
What is the highest common factor of 40 and 460?
20
Calculate the greatest common divisor of 132 and 10956.
132
What is the highest common factor of 936 and 72?
72
Calculate the greatest common factor of 1690 and 1950.
130
Calculate the greatest common divisor of 158 and 34918.
158
What is the highest common factor of 64 and 96?
32
Calculate the highest common factor of 150 and 555.
15
What is the greatest common divisor of 1598 and 17?
17
What is the greatest common factor of 266 and 28?
14
Calculate the highest common divisor of 11 and 33.
11
Calculate the highest common divisor of 620 and 5549.
31
What is the highest common divisor of 23 and 7?
1
Calculate the highest common factor of 21 and 784.
7
Calculate the greatest common factor of 95 and 95.
95
What is the highest common divisor of 493 and 17?
17
What is the greatest common divisor of 2 and 83?
1
Calculate the greatest common divisor of 45 and 20.
5
Calculate the greatest common divisor of 1976 and 104.
104
Calculate the highest common divisor of 5 and 605.
5
What is the greatest common divisor of 963 and 9?
9
What is the highest common factor of 1150 and 150?
50
Calculate the highest common factor of 26 and 182.
26
Calculate the greatest common factor of 20764 and 179.
179
What is the greatest common factor of 31 and 155?
31
Calculate the greatest common factor of 72 and 558.
18
What is the highest common factor of 107 and 321?
107
What is the greatest common factor of 11 and 10956?
11
What is the greatest common factor of 69 and 10649?
23
What is the greatest common factor of 90 and 40?
10
Calculate the greatest common factor of 171 and 304.
19
What is the highest common divisor of 3 and 39?
3
Calculate the greatest common factor of 2457 and 1729.
91
What is the greatest common factor of 16 and 20?
4
What is the highest common divisor of 56 and 14?
14
Calculate the greatest common divisor of 92 and 138.
46
What is the highest common factor of 4356 and 36?
36
What is the greatest common factor of 481 and 37?
37
Calculate the highest common factor of 164 and 3362.
82
Calculate the greatest common divisor of 64 and 1024.
64
What is the greatest common factor of 2002 and 4576?
286
Calculate the greatest common divisor of 26 and 611.
13
What is the greatest common factor of 156 and 832?
52
Calculate the greatest common factor of 247 and 182.
13
Calculate the highest common divisor of 198 and 34.
2
Calculate the greatest common divisor of 32 and 224.
32
Calculate the highest common factor of 320 and 110.
10
Calculate the greatest common divisor of 14 and 58.
2
Calculate the highest common factor of 380 and 228.
76
What is the greatest common divisor of 187 and 51?
17
Calculate the greatest common factor of 600 and 456.
24
What is the highest common factor of 59 and 8?
1
Calculate the highest common divisor of 25 and 185.
5
Calculate the greatest common factor of 122 and 9089.
61
What is the greatest common factor of 68 and 16?
4
What is the greatest common divisor of 3088 and 16?
16
What is the highest common divisor of 5680 and 16?
16
What is the greatest common divisor of 14 and 511?
7
What is the greatest common factor of 264 and 11154?
66
Calculate the greatest common divisor of 48 and 6.
6
What is the greatest common divisor of 739 and 4?
1
What is the greatest common factor of 1586 and 488?
122
Calculate the highest common divisor of 5152 and 4928.
224
Calculate the highest common factor of 80 and 130.
10
What is the highest common factor of 130 and 85?
5
What is the highest common factor of 3784 and 88?
88
What is the highest common factor of 522 and 18?
18
Calculate the highest common divisor of 13 and 3120.
13
What is the highest common divisor of 140 and 20?
20
Calculate the greatest common divisor of 11407 and 55.
11
Calculate the highest common factor of 72 and 27.
9
What is the highest common divisor of 12 and 2712?
12
What is the greatest common divisor of 544 and 44?
4
Calculate the greatest common factor of 7 and 91.
7
What is the greatest common divisor of 11289 and 159?
159
Calculate the highest common divisor of 42 and 31962.
42
What is the highest common factor of 39678 and 34?
34
What is the highest common divisor of 44 and 2233?
11
What is the greatest common divisor of 48 and 3984?
48
What is the greatest common divisor of 3304 and 14?
14
What is the highest common divisor of 105 and 3738?
21
What is the highest common divisor of 2501 and 488?
61
Calculate the greatest common factor of 45 and 1455.
15
What is the greatest common divisor of 172 and 6?
2
What is the greatest common factor of 490 and 50?
10
Calculate the highest common factor of 1269 and 47.
47
What is the highest common divisor of 217 and 70?
7
Calculate the greatest common divisor of 3822 and 78.
78
Calculate the greatest common factor of 33 and 66.
33
Calculate the greatest common factor of 300 and 180.
60
Calculate the highest common divisor of 405 and 1485.
135
What is the greatest common divisor of 1208 and 755?
151
Calculate the greatest common divisor of 165 and 14982.
33
Calculate the greatest common factor of 5420 and 220.
20
Calculate the highest common divisor of 252 and 133.
7
Calculate the greatest common divisor of 99 and 105732.
99
What is the greatest common factor of 50 and 21650?
50
What is the greatest common divisor of 517 and 33?
11
What is the highest common factor of 106 and 2438?
106
Calculate the highest common divisor of 18 and 10152.
18
Calculate the highest common factor of 13 and 2418.
13
What is the greatest common factor of 95 and 266?
19
What is the greatest common factor of 15 and 12?
3
What is the greatest common divisor of 108 and 396?
36
Calculate the greatest common divisor of 230 and 10.
10
Calculate the greatest common factor of 3205 and 25.
5
What is the greatest common divisor of 910 and 70?
70
Calculate the greatest common divisor of 11356 and 68.
68
What is the greatest common factor of 3618 and 513?
27
What is the greatest common factor of 3 and 681?
3
Calculate the greatest common factor of 98 and 48167.
49
Calculate the greatest common divisor of 33 and 129.
3
Calculate the greatest common divisor of 28 and 14336.
28
What is the greatest common divisor of 686 and 14?
14
Calculate the greatest common factor of 112 and 756.
28
Calculate the greatest common factor of 767 and 649.
59
What is the highest common factor of 63 and 147?
21
Calculate the greatest common divisor of 448 and 700.
28
What is the greatest common factor of 650 and 156?
26
Calculate the greatest common factor of 32 and 4.
4
Calculate the greatest common divisor of 5 and 13225.
5
What is the greatest common factor of 68 and 544?
68
What is the highest common factor of 63 and 99?
9
What is the highest common divisor of 168 and 21?
21
What is the highest common divisor of 29 and 9599?
29
What is the greatest common factor of 3705 and 228?
57
What is the greatest common divisor of 78 and 4173?
39
What is the greatest common factor of 11776 and 23?
23
Calculate the highest common divisor of 1 and 59.
1
What is the greatest common factor of 130 and 39910?
130
What is the greatest common factor of 308 and 88?
44
What is the greatest common divisor of 1815 and 220?
55
What is the greatest common divisor of 160 and 224?
32
Calculate the greatest common divisor of 2363 and 17.
17
Calculate the greatest common factor of 219 and 73.
73
Calculate the greatest common factor of 21 and 357.
21
Calculate the greatest common divisor of 306 and 102.
102
Calculate the highest common factor of 6 and 12.
6
Calculate the highest